iple of 261?
True
Is 400533706 a multiple of 163?
True
Is 158 a factor of 15113690?
False
Is 153 a factor of 144120492?
True
Does 236 divide 80374856?
False
Is 2963794368 a multiple of 24?
True
Is 416 a factor of 1448156320?
True
Does 27 divide 10985868?
True
Does 44 divide 11407836?
True
Is 12 a factor of 3116987484?
True
Is 808 a factor of 618438352?
True
Is 79871604 a multiple of 7?
False
Does 137 divide 1505002677?
True
Is 567 a factor of 35628008?
False
Does 20 divide 609809673?
False
Is 224670011 a multiple of 2560?
False
Is 300 a factor of 13229790?
False
Does 7 divide 7023639?
True
Does 297 divide 5087440116?
True
Does 970 divide 261442356?
False
Does 9 divide 102800934?
True
Does 65 divide 152382437?
False
Does 57 divide 80222427?
True
Is 144690210 a multiple of 630?
True
Is 1049 a factor of 33183017?
True
Is 246580765 a multiple of 703?
True
Does 4 divide 23423912?
True
Does 81 divide 3303841770?
True
Is 584 a factor of 991367448?
True
Is 2 a factor of 2652911?
False
Is 5 a factor of 160382450?
True
Does 123 divide 97777620?
True
Does 274 divide 11643630?
True
Is 70 a factor of 473629814?
False
Is 80 a factor of 510362320?
True
Is 3395305044 a multiple of 219?
True
Is 294 a factor of 423923218?
False
Is 207813498 a multiple of 201?
True
Does 3 divide 13982216?
False
Is 4054296 a multiple of 57?
True
Does 4179 divide 1585002762?
True
Is 172709190 a multiple of 80?
False
Is 9925822 a multiple of 3?
False
Is 223890084 a multiple of 9?
True
Is 66 a factor of 987066300?
True
Is 334 a factor of 111623134?
True
Is 184 a factor of 136206457?
False
Is 3464 a factor of 102562112?
True
Is 79301619 a multiple of 65?
False
Is 576860775 a multiple of 4452?
False
Is 50 a factor of 42317400?
True
Is 38 a factor of 463837348?
True
Does 43 divide 81202342?
False
Is 545907921 a multiple of 105?
False
Is 246 a factor of 202751724?
True
Does 80 divide 1005156000?
True
Is 256054831 a multiple of 3043?
False
Is 514 a factor of 867164616?
False
Is 343 a factor of 32860772?
True
Does 19 divide 42053867?
False
Is 384 a factor of 12795648?
True
Does 120 divide 728174640?
True
Is 34 a factor of 268785757?
False
Does 37 divide 1803018695?
True
Does 172 divide 9635693?
False
Is 380 a factor of 84230420?
True
Is 52 a factor of 50890736?
True
Does 7 divide 400504854?
False
Is 55397975 a multiple of 1075?
True
Is 44194080 a multiple of 480?
True
Is 178 a factor of 38851526?
True
Is 198 a factor of 424834?
False
Is 107 a factor of 256547266?
True
Does 280 divide 6641890?
False
Does 57 divide 699286431?
True
Is 246496664 a multiple of 37?
True
Does 5108 divide 1026300999?
False
Is 30808573 a multiple of 9?
False
Is 6614784 a multiple of 54?
True
Is 1067754397 a multiple of 702?
False
Is 5 a factor of 461840?
True
Is 3 a factor of 46237584?
True
Is 199 a factor of 17466429?
True
Is 23121600 a multiple of 20?
True
Is 278150804 a multiple of 17?
True
Does 108 divide 29112180?
False
Is 12220950 a multiple of 226?
True
Does 154 divide 28581322?
True
Is 18326847 a multiple of 107?
False
Is 947724 a multiple of 72?
False
Does 1350 divide 70304395?
False
Is 283 a factor of 34897197?
False
Is 292752669 a multiple of 33?
True
Is 1180 a factor of 348505585?
False
Is 554615383 a multiple of 19?
False
Is 63650905 a multiple of 155?
True
Is 13194935 a multiple of 274?
False
Is 334087830 a multiple of 551?
True
Is 5538159 a multiple of 3?
True
Is 7453505 a multiple of 23?
False
Is 7 a factor of 24211461?
False
Is 1154505204 a multiple of 43?
False
Is 521 a factor of 2316275867?
True
Is 186395779 a multiple of 44?
False
Does 40 divide 22294520?
True
Is 221 a factor of 1661587614?
False
Is 252785174 a multiple of 183?
False
Is 2520 a factor of 1070170920?
True
Does 3095 divide 628194375?
False
Does 12 divide 3574836?
True
Is 9729539 a multiple of 3?
False
Does 16 divide 1306944?
True
Does 40 divide 1511101880?
True
Is 23 a factor of 354987576?
False
Is 244898911 a multiple of 113?
True
Does 1877 divide 481560259?
False
Is 718297793 a multiple of 19?
True
Is 362134 a multiple of 35?
False
Is 7333 a factor of 402511937?
False
Does 14 divide 448148070?
False
Does 36 divide 458918839?
False
Is 3958 a factor of 12321254?
True
Does 19 divide 15203580?
False
Is 43 a factor of 5569058?
False
Is 94 a factor of 48951539?
False
Is 263081788 a multiple of 4?
True
Is 1479697208 a multiple of 861?
False
Is 258382982 a multiple of 58?
True
Does 24 divide 103828899?
False
Is 18 a factor of 54446436?
True
Does 5 divide 9236283?
False
Does 9 divide 162472311?
True
Is 135120106 a multiple of 75?
False
Is 34334560 a multiple of 1105?
True
Is 180 a factor of 99104437?
False
Does 7 divide 96652829?
True
Is 326 a factor of 65076023?
False
Does 3 divide 17418284?
False
Is 254 a factor of 1277700772?
True
Is 42498660 a multiple of 92?
False
Does 335 divide 378056545?
True
Is 8 a factor of 35265552?
True
Is 124 a factor of 6931789?
False
Does 5931 divide 2796112598?
False
Does 1044 divide 759828507?
False
Is 4570 a factor of 1092170590?
True
Is 17013049 a multiple of 5?
False
Is 68 a factor of 1042236?
True
Is 212766601 a multiple of 3855?
False
Is 15 a factor of 79368690?
True
Is 283816617 a multiple of 2?
False
Is 3809 a factor of 3241046784?
False
Is 11 a factor of 1299864471?
False
Is 6 a factor of 18101735?
False
Does 961 divide 41373933?
True
Is 19 a factor of 1907076584?
False
Is 4603244646 a multiple of 1809?
False
Is 1225010249 a multiple of 11?
False
Is 224 a factor of 62389376?
True
Is 13 a factor of 1296059382?
False
Is 510911 a multiple of 4?
False
Is 1709316 a multiple of 21?
True
Does 1790 divide 160552260?
True
Is 77 a factor of 93652636?
True
Is 155669380 a multiple of 10?
True
Does 662 divide 16530781?
False
Is 1312 a factor of 96283744?
True
Is 69172162 a multiple of 355?
False
Is 272 a factor of 44691504?
True
Is 654 a factor of 19912338?
True
Is 12915984 a multiple of 492?
True
Is 224205608 a multiple of 41?
False
Does 42 divide 19510848?
True
Is 1522040404 a multiple of 1497?
False
Does 157 divide 16350072?
False
Does 120 divide 1236793920?
True
Is 1059 a factor of 1317624744?
True
Is 128 a factor of 25063135?
False
Is 2976012 a multiple of 1301?
False
Is 76960338 a multiple of 329?
True
Does 1863 divide 56523420?
True
Does 20 divide 130257556?
False
Does 591 divide 4178712780?
True
Is 34116110 a multiple of 85?
True
Does 422 divide 240521432?
True
Is 10 a factor of 312780970?
True
Is 99 a factor of 158045646?
False
Does 861 divide 319371792?
False
Is 9999093 a multiple of 249?
True
Does 482 divide 27744884?
True
Is 924 a factor of 33244596?
True
Is 57 a factor of 83129155?
False
Does 28 divide 5866753?
False
Is 41 a factor of 51607602?
True
Is 1941147 a multiple of 39?
True
Is 1628782700 a multiple of 367?
True
Is 26557132 a multiple of 415?
False
Is 7054336 a multiple of 29?
False
Is 58 a factor of 484870082?
True
Does 43 divide 240320181?
False
Is 316453382 a multiple of 194?
True
Does 221 divide 53250171?
True
Is 5263188 a multiple of 42?
True
Is 713524982 a multiple of 54?
False
Does 195 divide 298702428?
False
Does 1349 divide 66250280?
False
Does 306 divide 34677149?
False
Does 55 divide 554192265?
True
Does 818 divide 4249412989?
False
Does 1500 divide 232144580?
False
Is 196613370 a multiple of 30?
True
Is 409667512 a multiple of 152?
True
Is 4005450 a multiple of 1863?
True
Does 169 divide 163249180?
False
Does 148 divide 15215294?
False
Is 48923679 a multiple of 752?
False
Does 2254 divide 29777594?
True
Is 9 a factor of 7427313?
True
Does 1294 divide 131647393?
False
Does 267 divide 125838005?
False
Does 345 divide 2665125?
True
Is 7 a factor of 51888661?
False
Is 321635761 a multiple of 54?
False
Does 645 divide 146086951?
False
Is 670 a factor of 526885374?
False
Is 18 a factor of 2244037158?
True
Does 4138 divide 128291003?
False
Does 132 divide 97561825?
False
Is 1404 a factor of 3005964?
True
Does 190 divide 22106383?
False
Does 11 divide 77752180?
True
Does 986 divide 1042238482?
True
Is 77302980 a multiple of 45?
True
Is 309790500 a multiple of 750?
True
Is 286592632 a multiple of 8?
True
Is 126979 even?
False
Is 67493739 a multiple of 37?
False
Is 55191285 a multiple of 73?
True
Is 3 a factor of 52467661?
False
Does 1570 divide 17547890?
True
Is 18 a factor of 189